- -142126?
142125
In base 8, what is 2770 + -17?
2751
In base 15, what is 3c - abb3?
-ab76
In base 9, what is -837 - -142?
-685
In base 6, what is -1125004 - 45?
-1125053
In base 9, what is 340 + -345?
-5
In base 6, what is -5454 - -425?
-5025
In base 13, what is b - -1b1?
1bc
In base 11, what is 1192 - 29?
1164
In base 12, what is 120764 - 8?
120758
In base 12, what is -14 - -77b?
767
In base 9, what is 43 - -47352?
47405
In base 15, what is 4 - -36094?
36098
In base 13, what is -55b - -1b3?
-378
In base 12, what is -31 + -2128?
-2159
In base 13, what is 9 - 34c6?
-34ba
In base 13, what is 7c - 5ca3?
-5c24
In base 11, what is 0 + 337a86?
337a86
In base 5, what is -41 - -32300?
32204
In base 9, what is 4 + 18021?
18025
In base 12, what is 36145 + -13?
36132
In base 8, what is -21 + -104637?
-104660
In base 2, what is -101 - 11011111101100011111?
-11011111101100100100
In base 3, what is -110210211 + -1220?
-110212201
In base 13, what is -4776 - -60?
-4716
In base 13, what is 60 - 6b0?
-650
In base 2, what is -1001011110 - 11011000000?
-100100011110
In base 5, what is 10 - -104042222?
104042232
In base 13, what is -15 + 123b9?
123a4
In base 3, what is 2010100 + -1000?
2002100
In base 16, what is -15 - 4123?
-4138
In base 4, what is -333 + 3212?
2213
In base 15, what is -7b1 - 0?
-7b1
In base 10, what is 2 - -198192?
198194
In base 13, what is -62c8 + -62?
-635a
In base 10, what is 236911 - 5?
236906
In base 3, what is 12 - -101201022?
101201111
In base 8, what is 65 - 12246?
-12161
In base 5, what is 1 - 13431241?
-13431240
In base 8, what is -10331 + -27?
-10360
In base 6, what is 2 - 4514342?
-4514340
In base 12, what is -45 - a04?
-a49
In base 10, what is 9872 - -9?
9881
In base 8, what is -15 - 222154?
-222171
In base 16, what is -712 + -12c?
-83e
In base 6, what is 2 - 5125?
-5123
In base 10, what is -14 - -2680?
2666
In base 4, what is 13 + 110110300?
110110313
In base 3, what is -10010111 + -22?
-10010210
In base 5, what is 33 - -113431?
114014
In base 16, what is -3 + -85f9?
-85fc
In base 11, what is -67 + -4750?
-4807
In base 2, what is 11101 + 111000101111?
111001001100
In base 2, what is 111010110000 - -1?
111010110001
In base 15, what is -5 - -644ae?
644a9
In base 4, what is -12120 - -10012?
-2102
In base 10, what is -33 + -4569?
-4602
In base 10, what is -3 - -17354?
17351
In base 4, what is 102 + 2323121?
2323223
In base 13, what is 111 - a3?
3b
In base 7, what is -1544 + 20?
-1524
In base 15, what is 0 + d22?
d22
In base 3, what is 112201020 - -10?
112201100
In base 9, what is 808576 - 2?
808574
In base 16, what is ea58 - -2?
ea5a
In base 15, what is 4e0 + -3ab?
134
In base 15, what is -53 + -1a5?
-208
In base 10, what is 46737 + 4?
46741
In base 12, what is 0 - 147387?
-147387
In base 15, what is 1985 - 7?
197d
In base 15, what is -24064 - -a?
-24059
In base 4, what is 10 + -11120202303?
-11120202233
In base 6, what is 254 + -433?
-135
In base 13, what is a2 - 260?
-18b
In base 7, what is 22424542 - 1?
22424541
In base 7, what is -3 - -101155?
101152
In base 7, what is -261246 + 4?
-261242
In base 10, what is -64 - 698?
-762
In base 10, what is 1 - -34984?
34985
In base 9, what is 77642 + 20?
77662
In base 12, what is 2 - -66b82?
66b84
In base 13, what is -1938 + -18?
-1953
In base 6, what is 2 - -44032?
44034
In base 13, what is 7 + 6679?
6683
In base 16, what is 10 + 7906?
7916
In base 10, what is -513 + -805?
-1318
In base 4, what is 1012 - 10210?
-3132
In base 9, what is -278 - -1024?
635
In base 8, what is -355735 - 5?
-355742
In base 3, what is 121222 - 1222?
120000
In base 3, what is -1212020102 + -12?
-1212020121
In base 5, what is -10 - -1012440?
1012430
In base 6, what is -210 - -510?
300
In base 6, what is 0 + 1433223?
1433223
In base 2, what is -11 - -10111100000001010101?
10111100000001010010
In base 4, what is -10 + 10322033?
10322023
In base 8, what is -5442444 - 1?
-5442445
In base 9, what is -25 - 18031?
-18056
In base 14, what is 358 - -87?
401
In base 5, what is 4 + -134220010?
-134220001
In base 16, what is 5fa0 - 34?
5f6c
In base 6, what is -2 - 42125?
-42131
In base 9, what is -81438 - 11?
-81450
In base 4, what is 1100300 + 3122?
1110022
In base 13, what is -ab + -232?
-310
In base 13, what is -27054 + 7?
-2704a
In base 7, what is -21104 - -256?
-20515
In base 2, what is 11011 + -10110000111100111?
-10110000111001100
In base 5, what is 10030 - -144?
10224
In base 5, what is 23241 - 121?
23120
In base 4, what is 2 - 1100230?
-1100222
In base 12, what is 1 - -1426a0?
1426a1
In base 6, what is -21 - 4245?
-4310
In base 5, what is 1422 - -40?
2012
In base 6, what is -25 + -205153?
-205222
In base 13, what is -2 + -27601?
-27603
In base 11, what is 2929 - 6?
2923
In base 9, what is 23 + -6272?
-6248
In base 16, what is 16347 - 2?
16345
In base 4, what is 1202010 - 103?
1201301
In base 7, what is 55 - 202?
-114
In base 4, what is -23320 + 3303?
-20011
In base 15, what is 66aa - -26?
66d1
In base 2, what is -1100010101101 - 10010?
-1100010111111
In base 16, what is -9 - 59f5?
-59fe
In base 15, what is -3e75 + -3c?
-3eb2
In base 6, what is -54525 + 1122?
-53403
In base 14, what is 4539ac + 5?
4539b3
In base 3, what is -202012101 - 12?
-202012120
In base 5, what is 4 - 1130104?
-1130100
In base 15, what is -2e + 105be?
10590
In base 13, what is 3 - 9aa6?
-9aa3
In base 8, what is -771413 + 4?
-771407
In base 7, what is -1124 + 666?
-125
In base 6, what is 110301 - -34?
110335
In base 4, what is -1030 + 33213?
32123
In base 5, what is -1000331 + -302?
-1001133
In base 7, what is 11 - -334333?
334344
In base 5, what is -244 - 212211?
-213010
In base 2, what is 10010001 + -101011001110?
-101000111101
In base 12, what is -5 + 1307?
1302
In base 5, what is -20432 - 3?
-20440
In base 12, what is 8415 + 4?
8419
In base 4, what is -10 + -13011123?
-13011133
In base 6, what is 1242 - 45205?
-43523
In base 10, what is 2998 - -12?
3010
In base 3, what is 111 - 1111010211?
-1111010100
In base 6, what is -2041 - -55?
-1542
In base 13, what is 82c2 - 36?
8289
In base 16, what is 3 - 14358?
-14355
In base 2, what is -11100010 + 11101110101?
11010010011
In base 10, what is 48 - 115?
-67
In base 5, what is 14004 - -34?
14043
In base 9, what is 68 - 27?
41
In base 16, what is -1d2d + -5?
-1d32
In base 2, what is -110 - 10101010011?
-10101011001
In base 12, what is -1 - 157a9?
-157aa
In base 13, what is -7 - -2c34b?
2c344
In base 15, what is a9de26 - -4?
a9de2a
In base 12, what is -5 + -4b04?
-4b09
In base 15, what is -28 + 657?
62e
In base 13, what is 6 - -4267?
4270
In base 13, what is -4 + -32035?
-32039
In base 16, what is -9d6eb + 0?
-9d6eb
In base 3, what is 2 - -11200001111?
11200001120
In base 4, what is 2 + 10323013213?
10323013221
In base 3, what is 1 + 12102100020?
12102100021
In base 16, what is -170f6 + -2?
-170f8
In base 3, what is -1 - -1120212020?
1120212012
In base 12, what is 3 + -1440a2?
-14409b
In base 11, what is 3 + -6111?
-6109
In base 16, what is 1 - -1c89?
1c8a
In base 9, what is 1306264 + 1?
1306265
In base 9, what is 1120 + -130?
880
In base 8, what is -50502 - 4?
-50506
In base 4, what is 1123200221 - -10?
1123200231
In base 11, what is -10293 + -10?
-102a3
In base 6, what is 3 - -25325215?
25325222
In base 13, what is 129 - -2b4?
410
In base 4, what is 22110 - -20020?
102130
In base 6, what is 2132521 - -45?
2133010
In base 10, what is 0 - -8867?
8867
In base 16, what is 2604ef + 4?
2604f3
In base 10, what is 342820 + -2?
342818
In base 10, what is -1088270 - 4?
-1088274
In base 6, what is -20050 - -10234?
-5412
In base 13, what is 0 + 29589?
29589
In base 8, what is 265037 + 2?
265041
In base 16, what is -f61 - 1e3?
-1144
In base 6, what is 2 - 204300?
-204254
In base 2, what is 11001011001 + -1101110011?
1011100110
In base 13, what is -9 - -66c?
663
In base 6, what is -25230 + -3?
-25233
In base 8, what is -14 + -220033?
-220047
In base 6, what is -3 - 114354?
-114401
In base 12, what is 28328 - -68?
28394
In base 15, what is -4 + -21c69?
-21c6d
In base 14, what is -1d3a + -72?
-1dac
In base 2, what is -11 - -101000111101111?
101000111101100
In base 6, what is -2 - 3513333?
-3513335
In base 6, what is -522421 + 2?
-522415
In base 13, what is -25931 - 4?
-25935
In base 3, what is 1201 + -10111?
-1210
